a composite number?
False
Is 2554722887 composite?
True
Is 60620818883 composite?
False
Is 538989293 composite?
False
Is 450660877 a composite number?
True
Is 11232190889 a composite number?
True
Is 104739835519 a prime number?
False
Is 8384571061 composite?
True
Is 2655970847 a prime number?
True
Is 2589397565 a prime number?
False
Is 784483499 composite?
False
Is 27671143693 composite?
False
Is 24069600389 a prime number?
False
Is 25836823921 a composite number?
False
Is 781178147 prime?
False
Is 1807640249 a composite number?
False
Is 587313673 prime?
False
Is 141407711363 a prime number?
False
Is 85018678543 prime?
False
Is 377474357 a composite number?
True
Is 5075521559 composite?
True
Is 520208587 prime?
True
Is 42226131707 prime?
True
Is 58727621191 composite?
False
Is 257064251 a prime number?
True
Is 37449862154 a composite number?
True
Is 1877169473 prime?
False
Is 389148483433 composite?
True
Is 77391204991 a prime number?
False
Is 70968757147 a prime number?
True
Is 2273962157 a composite number?
True
Is 75339290497 a composite number?
True
Is 10907264423 prime?
False
Is 48757927429 composite?
False
Is 788673307 a composite number?
False
Is 4288541793 a composite number?
True
Is 771406151 a composite number?
False
Is 781046027 prime?
True
Is 30682873757 composite?
False
Is 33196307 composite?
False
Is 38568714839 prime?
True
Is 556018271 a prime number?
True
Is 919517817 a prime number?
False
Is 10814134447 prime?
False
Is 3437765029 prime?
False
Is 123514921 a prime number?
False
Is 2486429111 composite?
False
Is 4314115369 a prime number?
False
Is 1144759067 prime?
False
Is 650992777 a composite number?
True
Is 6674975891 composite?
True
Is 31910871407 composite?
False
Is 1637615171 a prime number?
False
Is 338129969 prime?
False
Is 255841321 a prime number?
True
Is 4219281673 composite?
True
Is 7536702577 a prime number?
True
Is 3290336809 prime?
False
Is 5131604261 composite?
True
Is 165644612137 a prime number?
True
Is 281412913 a composite number?
True
Is 302044087 a prime number?
False
Is 166650229969 composite?
True
Is 1203262387 composite?
False
Is 13549372743 a prime number?
False
Is 4616522957 prime?
False
Is 5198116321 composite?
True
Is 1610821759 prime?
True
Is 49760419 prime?
False
Is 3673410241 composite?
False
Is 12431046031 composite?
True
Is 1169596417 a composite number?
True
Is 6425176003 a composite number?
False
Is 2596666321 a composite number?
True
Is 7171560463 a composite number?
True
Is 1290325939 prime?
False
Is 4033986223 a prime number?
False
Is 96219041 a prime number?
False
Is 108453781 prime?
True
Is 1773577937 prime?
False
Is 2014296127 a prime number?
True
Is 20403339683 a composite number?
True
Is 1168167347 composite?
False
Is 1569152873 a composite number?
True
Is 183983438069 a composite number?
False
Is 33700357 composite?
True
Is 83192927 composite?
False
Is 8872261081 prime?
True
Is 870735727 a composite number?
False
Is 872511883 prime?
False
Is 3192565309 prime?
True
Is 9849810307 a prime number?
True
Is 4879173619 a prime number?
False
Is 4091035229 prime?
True
Is 14392952923 a composite number?
False
Is 118793683 a prime number?
True
Is 358624451 composite?
False
Is 4049039411 a composite number?
True
Is 18203406907 composite?
True
Is 174538867 composite?
True
Is 1157395991 a composite number?
False
Is 70691584333 a composite number?
True
Is 522634631 composite?
True
Is 94283661061 composite?
True
Is 1952061557 prime?
False
Is 3408807449 prime?
False
Is 10649819 composite?
True
Is 248178409 a prime number?
False
Is 25506139 a composite number?
True
Is 1472464789 a prime number?
True
Is 28011011141 a composite number?
False
Is 1737402944813 a prime number?
True
Is 4513271467 a composite number?
False
Is 72518957029 a prime number?
True
Is 20740208933 prime?
True
Is 716680249 a prime number?
True
Is 30665765387 a prime number?
True
Is 177309050693 a composite number?
False
Is 214816327205 a prime number?
False
Is 4284507743 prime?
True
Is 1501307393 a prime number?
False
Is 1810006223 prime?
True
Is 106129717 prime?
True
Is 14566168951 composite?
True
Is 18749175449 composite?
False
Is 115921559 a composite number?
True
Is 48713644015 prime?
False
Is 41829835261 a composite number?
True
Is 16793318707 prime?
False
Is 330279743 a prime number?
True
Is 145647680443 a composite number?
True
Is 26531230951 prime?
True
Is 3258091157 composite?
True
Is 374994253 prime?
False
Is 27649166 a prime number?
False
Is 3930630091 a prime number?
False
Is 603974219 a prime number?
True
Is 10393473707 a composite number?
False
Is 15189346087 a composite number?
False
Is 23972677411 prime?
True
Is 2675874769 prime?
True
Is 1316727409 prime?
True
Is 63193609 composite?
False
Is 477033701 a composite number?
True
Is 82720293619 a composite number?
False
Is 1222610141 composite?
True
Is 17515267261 a prime number?
False
Is 59769237757 prime?
True
Is 33369529495 composite?
True
Is 809007467 a composite number?
False
Is 42447594439 a prime number?
False
Is 32178214483 composite?
True
Is 9980569169 a prime number?
True
Is 169701458 a prime number?
False
Is 71759874185 a composite number?
True
Is 3706565503 a composite number?
False
Is 3711005591 a composite number?
False
Is 663564049 a prime number?
False
Is 3133456591 composite?
False
Is 168630101 composite?
False
Is 997002931493 prime?
True
Is 195373111 a prime number?
True
Is 2967673763 a composite number?
True
Is 1302127091 composite?
False
Is 17521961 a prime number?
True
Is 32844288007 composite?
True
Is 349433243 prime?
False
Is 32683612061 a prime number?
False
Is 546220958 composite?
True
Is 6628431683 a prime number?
False
Is 5719626079 prime?
False
Is 3302149021 a prime number?
False
Is 42993411007 a composite number?
False
Is 73591897 prime?
False
Is 913155037 a prime number?
True
Is 561108407 a prime number?
True
Is 306257111 prime?
True
Is 68978840107 composite?
False
Is 5578821293 a composite number?
False
Is 697188707 a composite number?
True
Is 3157915909 composite?
False
Is 15334747537 a prime number?
False
Is 6642975883 composite?
True
Is 4153340533 composite?
True
Is 3701598149 a prime number?
False
Is 152517817 a composite number?
False
Is 130371175163 composite?
True
Is 1141143299 prime?
False
Is 2059544087 a prime number?
True
Is 4188932089 a prime number?
True
Is 212433483433 a prime number?
True
Is 1207214287 prime?
True
Is 18718865195 prime?
False
Is 108694065127 a composite number?
True
Is 1039705217 a prime number?
False
Is 1855416281 a prime number?
False
Is 145923712193 a prime number?
False
Is 33856062419 prime?
False
Is 33526591339 composite?
False
Is 310977810779 prime?
True
Is 91376796617 a composite number?
True
Is 7381866733 prime?
True
Is 45289683431 composite?
True
Is 110302117 a composite number?
True
Is 4208311 a composite number?
False
Is 4122888027 a composite number?
True
Is 1185624381 prime?
False
Is 215083717 a composite number?
False
Is 4064584639 a prime number?
False
Is 7406303039 a prime number?
True
Is 718023161 prime?
True
Is 46631456111 composite?
False
Is 948441641 a prime number?
False
Is 13706664221 composite?
True
Is 123668197 a composite number?
False
Is 22587987211 a composite number?
False
Is 13839123743 prime?
True
Is 171805741 a composite number?
False
Is 222729443 composite?
False
Is 3163609817 a composite number?
True
Is 528315717 prime?
False
Is 733989643 prime?
True
Is 1185813743 a prime number?
True
Is 6217767097 a prime number?
False
Is 143963503 a prime number?
False
Is 24228223262 a prime number?
False
Is 185432294129 composite?
False
Is 3131779051 a prime number?
True
Is 78917785361 a prime number?
True
Is 533307007 a composite number?
False
Is 5178353927 a composite number?
True
Is 8619082001 composite?
False
Is 7678616629 a prime number?
False
Is 17826667 a composite number?
True
Is 315144131 prime?
False
Is 118751714149 a prime number?
False
Is 8261366881 prime?
False
Is 1074045419 prime?
True
Is 22460593819 composite?
False
Is 10464659 composite?
False
Is 29528616853 composite?
False
Is 53761198805 composite?
True
Is 1208071751 prime?
False
Is 255834605621 prime?
False
Is 126336811001 prime?
False
Is 241692365 prime?
False
Is 18572154773 a composite number?
True
Is 162362723 compos